349784.
152
Calculate the greatest common divisor of 128355 and 156090.
645
What is the highest common divisor of 19293976 and 403?
13
What is the highest common factor of 60 and 46253540?
20
Calculate the greatest common factor of 35132706 and 14112.
882
Calculate the highest common factor of 5184963 and 693.
63
What is the highest common divisor of 4334442 and 23667?
3381
What is the greatest common factor of 111 and 38755872?
111
What is the greatest common divisor of 125275 and 225?
25
Calculate the highest common divisor of 49548 and 579876.
12
What is the highest common factor of 21060336 and 1672?
88
Calculate the highest common divisor of 1264088 and 36176.
56
What is the highest common divisor of 21585 and 2415?
15
What is the highest common divisor of 3498396 and 1938?
102
Calculate the highest common divisor of 90865 and 28645.
85
What is the greatest common divisor of 9254580 and 10470?
30
What is the highest common factor of 99190 and 1280?
10
What is the highest common factor of 22007 and 13775263?
373
What is the highest common factor of 14454 and 221364?
198
Calculate the greatest common divisor of 173970 and 2646.
18
Calculate the greatest common divisor of 20566 and 384.
2
Calculate the highest common factor of 595 and 25067.
7
What is the greatest common factor of 29029584 and 1908?
636
Calculate the greatest common factor of 160497 and 6936.
51
Calculate the greatest common factor of 3342893 and 1912.
239
Calculate the greatest common divisor of 4636 and 12488396.
76
Calculate the highest common factor of 19214505 and 180.
45
What is the greatest common divisor of 374 and 6374932?
34
Calculate the greatest common factor of 2 and 56791223.
1
Calculate the highest common divisor of 7891793 and 48503.
1183
Calculate the greatest common divisor of 2763 and 3187581.
921
Calculate the greatest common factor of 7722378 and 4313718.
11754
Calculate the greatest common factor of 549705 and 5265.
195
What is the greatest common factor of 742 and 36812846?
742
What is the highest common factor of 90856 and 50?
2
What is the highest common divisor of 642686 and 4841760?
2882
Calculate the highest common divisor of 3 and 550875174.
3
Calculate the highest common factor of 50 and 13504910.
10
Calculate the highest common factor of 123591 and 462.
3
What is the highest common factor of 2073720 and 1020?
60
What is the highest common divisor of 70957276 and 468?
52
Calculate the greatest common factor of 10614784 and 118144.
9088
Calculate the highest common divisor of 119 and 4655654.
17
Calculate the highest common divisor of 3535954008 and 223.
223
Calculate the highest common divisor of 18695650 and 835.
835
Calculate the highest common divisor of 243731 and 69.
23
Calculate the highest common divisor of 351598 and 4264.
26
Calculate the greatest common factor of 6978 and 480.
6
What is the greatest common divisor of 8824749 and 436?
109
What is the highest common factor of 133792 and 22459?
37
Calculate the greatest common divisor of 134069 and 55991.
13
Calculate the greatest common divisor of 8965 and 29704785.
55
What is the highest common divisor of 872584 and 68?
4
What is the highest common factor of 275151 and 19434?
123
Calculate the highest common factor of 684 and 25310016.
36
What is the highest common divisor of 684954 and 4986?
18
Calculate the greatest common factor of 35929 and 2566843.
19
Calculate the greatest common factor of 8095 and 28845.
5
What is the greatest common factor of 11942128 and 18128?
176
Calculate the highest common factor of 2244 and 4791076.
68
What is the greatest common divisor of 64881697 and 2935?
587
Calculate the greatest common divisor of 11 and 195577657.
11
Calculate the greatest common factor of 2891033 and 328.
41
Calculate the greatest common divisor of 9786 and 195430614.
1398
Calculate the highest common divisor of 1507 and 9982368.
1507
What is the greatest common divisor of 3161791 and 412?
103
What is the highest common divisor of 235756 and 19907?
17
What is the highest common factor of 48 and 24069128?
8
What is the greatest common divisor of 1188 and 54400852?
44
What is the highest common divisor of 219800 and 29225?
175
Calculate the greatest common divisor of 418 and 543635543.
209
Calculate the highest common factor of 6878160 and 22632.
984
Calculate the greatest common factor of 14353868 and 1271.
31
Calculate the greatest common divisor of 7712 and 1400.
8
Calculate the highest common factor of 27270 and 3090.
30
Calculate the greatest common divisor of 8820678 and 2139.
93
Calculate the highest common factor of 100 and 17680700.
100
What is the greatest common factor of 4144 and 7941680?
592
Calculate the highest common factor of 1869 and 619020276.
1869
Calculate the greatest common factor of 1261910 and 26.
26
What is the highest common factor of 80640 and 20048?
112
Calculate the highest common divisor of 7762056 and 96.
24
What is the greatest common divisor of 45878648 and 187?
17
Calculate the greatest common divisor of 34515 and 49605.
15
Calculate the greatest common factor of 1887 and 29858001.
1887
Calculate the highest common factor of 22 and 1214551844.
22
What is the highest common divisor of 351 and 5566587?
39
What is the highest common factor of 8820 and 127230?
30
Calculate the highest common divisor of 483765 and 72405.
15
Calculate the highest common divisor of 73603878 and 148.
74
What is the highest common factor of 1950 and 282516?
78
What is the highest common factor of 171091 and 114?
1
Calculate the greatest common factor of 600 and 8649360.
120
What is the highest common divisor of 82276999 and 1106?
553
What is the highest common factor of 1628 and 42439518?
814
Calculate the greatest common factor of 239005325 and 195.
65
What is the greatest common divisor of 2111 and 46722763?
2111
Calculate the highest common factor of 15012 and 4501932.
1668
Calculate the greatest common factor of 765 and 28693773.
153
Calculate the highest common divisor of 126831257 and 58506.
9751
Calculate the highest common factor of 3086300 and 500.
100
Calculate the greatest common divisor of 75 and 2142725.
25
What is the greatest common factor of 112969071 and 3466?
1733
What is the highest common factor of 10 and 3134040?
10
Calculate the greatest common divisor of 1944602 and 1562.
22
Calculate the highest common factor of 2972653 and 1432.
179
Calculate the highest common divisor of 352 and 665873120.
352
What is the highest common divisor of 1485570 and 14145?
345
What is the greatest common divisor of 6077515 and 2575?
515
Calculate the highest common divisor of 2980 and 1015380.
20
Calculate the greatest common factor of 2664 and 358974.
666
Calculate the greatest common divisor of 44229662 and 607.
607
Calculate the highest common factor of 11389588 and 542.
542
Calculate the highest common divisor of 63824 and 38.
2
Calculate the highest common factor of 338639 and 16905.
49
What is the greatest common factor of 27 and 465023619?
27
What is the highest common factor of 694386 and 65961?
189
Calculate the highest common divisor of 2232 and 242280.
72
Calculate the highest common divisor of 218 and 18885667.
109
Calculate the greatest common factor of 341875 and 367037.
547
Calculate the highest common factor of 11684505 and 7361.
433
Calculate the greatest common factor of 128841 and 122431.
641
Calculate the highest common divisor of 3991950 and 638550.
1350
Calculate the highest common divisor of 79847729 and 19617.
6539
What is the greatest common factor of 204 and 204779076?
204
What is the highest common factor of 27868136 and 95?
19
Calculate the greatest common factor of 2936 and 103494.
734
What is the greatest common factor of 342 and 2041873?
19
What is the greatest common divisor of 9020 and 535993?
41
Calculate the highest common divisor of 43764130 and 10.
10
Calculate the highest common divisor of 6541728 and 172308.
996
Calculate the highest common factor of 722 and 16118.
2
Calculate the greatest common divisor of 30020 and 7980.
380
What is the greatest common divisor of 4495 and 626045?
155
What is the greatest common divisor of 10815 and 394094274?
2163
Calculate the highest common factor of 1836731 and 819.
13
Calculate the highest 